?
2, 73, 1232389
List the prime factors of 125315085.
3, 5, 7, 73, 16349
What are the prime factors of 147084582?
2, 3, 167, 181, 811
What are the prime factors of 47911469?
557, 86017
List the prime factors of 2418548369.
2418548369
What are the prime factors of 11682932?
2, 743, 3931
List the prime factors of 127313471.
19, 6700709
List the prime factors of 117263484.
2, 3, 13, 17
What are the prime factors of 1226193137?
13, 94322549
List the prime factors of 169096758.
2, 3, 61, 462013
List the prime factors of 25007941.
7, 653, 5471
What are the prime factors of 75330883?
43, 83, 21107
List the prime factors of 179008677.
3, 29, 228619
What are the prime factors of 338002102?
2, 43, 3930257
What are the prime factors of 32081700?
2, 3, 5, 7, 15277
What are the prime factors of 2378982169?
421, 5650789
What are the prime factors of 563740341?
3, 137, 269, 5099
List the prime factors of 315254083.
167, 1887749
What are the prime factors of 598422781?
11, 59, 922069
List the prime factors of 826172.
2, 206543
What are the prime factors of 875003030?
2, 5, 11, 23, 1367
What are the prime factors of 7169751053?
7169751053
List the prime factors of 360717738.
2, 3, 911, 65993
What are the prime factors of 1623619448?
2, 11, 193, 95597
What are the prime factors of 27244711?
13, 2095747
List the prime factors of 32630091.
3, 13, 103, 8123
What are the prime factors of 107867879?
7, 31, 53, 83, 113
What are the prime factors of 126314275?
5, 23, 219677
What are the prime factors of 7349454?
2, 3, 7, 6481
What are the prime factors of 72201855?
3, 5, 11, 437587
List the prime factors of 89563478.
2, 44781739
What are the prime factors of 85735569?
3, 89, 107, 3001
What are the prime factors of 1068994190?
2, 5, 11, 43, 193, 1171
List the prime factors of 136573195.
5, 11, 23, 107, 1009
List the prime factors of 37295403.
3, 12431801
What are the prime factors of 30643108?
2, 211, 36307
What are the prime factors of 41651069?
41651069
What are the prime factors of 14278179?
3, 29, 164117
List the prime factors of 1755776177.
457, 3841961
What are the prime factors of 185162176?
2, 2893159
List the prime factors of 250032150.
2, 3, 5, 89, 2081
What are the prime factors of 484855598?
2, 5297, 45767
List the prime factors of 121421619.
3, 11, 227, 1801
What are the prime factors of 1587624500?
2, 5, 7, 11, 43, 137
What are the prime factors of 136755160?
2, 5, 19, 103, 1747
What are the prime factors of 62874982?
2, 139, 226169
List the prime factors of 6500069010.
2, 3, 5, 72222989
List the prime factors of 253605460.
2, 5, 12680273
What are the prime factors of 316745158?
2, 59, 97, 27673
What are the prime factors of 61968955?
5, 12393791
What are the prime factors of 2146258957?
43, 97, 239, 2153
What are the prime factors of 333858673?
61, 1913, 2861
What are the prime factors of 455146967?
11, 17, 29, 4937
What are the prime factors of 277480814?
2, 13, 31, 344269
List the prime factors of 578411564.
2, 181, 798911
List the prime factors of 1152442797.
3, 11, 3167, 11027
What are the prime factors of 990833592?
2, 3, 7, 5897819
List the prime factors of 2762851380.
2, 3, 5, 46047523
List the prime factors of 215029937.
215029937
What are the prime factors of 44987209?
41, 239, 4591
What are the prime factors of 230844383?
7, 11, 31, 97, 997
What are the prime factors of 326968169?
11, 19, 82339
List the prime factors of 14971315.
5, 347, 8629
What are the prime factors of 469239245?
5, 157, 597757
What are the prime factors of 2069411623?
3853, 537091
What are the prime factors of 620094693?
3, 277, 746203
What are the prime factors of 40135737?
3, 13378579
List the prime factors of 2553478642.
2, 11, 13, 17, 525191
What are the prime factors of 78356023?
577, 135799
List the prime factors of 4638014333.
5153, 900061
What are the prime factors of 360688470?
2, 3, 5, 67, 311, 577
List the prime factors of 54916911.
3, 7, 241, 3617
What are the prime factors of 5182288?
2, 19, 17047
What are the prime factors of 976714714?
2, 193, 941, 2689
List the prime factors of 1917719188.
2, 7, 11, 6226361
What are the prime factors of 2535880382?
2, 7, 89, 1319, 1543
List the prime factors of 1595289.
3, 389, 1367
List the prime factors of 112358321.
17, 6609313
What are the prime factors of 739827546?
2, 3, 123304591
What are the prime factors of 229275813?
3, 13, 41, 143387
What are the prime factors of 52195270?
2, 5, 17, 307031
List the prime factors of 108553700.
2, 5, 823, 1319
List the prime factors of 4260924258.
2, 3, 181, 617, 6359
List the prime factors of 471419407.
61, 373, 20719
What are the prime factors of 7474000950?
2, 3, 5, 13, 425869
What are the prime factors of 3945731686?
2, 13, 43, 47, 61, 1231
List the prime factors of 28434373.
11, 2584943
List the prime factors of 59903717.
59903717
What are the prime factors of 2780315136?
2, 3, 269, 2243
List the prime factors of 66878981.
13, 5144537
List the prime factors of 394639981.
394639981
List the prime factors of 211219767.
3, 11, 2133533
List the prime factors of 59543961.
3, 2927, 6781
List the prime factors of 60107931.
3, 13, 257, 1999
What are the prime factors of 68164052?
2, 11, 1549183
What are the prime factors of 103405448?
2, 19, 680299
List the prime factors of 159047381.
159047381
List the prime factors of 399569882.
2, 37, 5399593
List the prime factors of 37446551.
37446551
What are the prime factors of 1313392504?
2, 164174063
What are the prime factors of 27116771?
11, 2465161
List the prime factors of 116209297.
17, 31, 220511
List the prime factors of 1623661196.
2, 405915299
List the prime factors of 484946960.
2, 5, 59, 127, 809
List the prime factors of 1119425263.
11, 71, 211, 6793
List the prime factors of 185926632.
2, 3, 7746943
List the prime factors of 1639699740.
2, 3, 5, 7, 31, 1999
List the prime factors of 68295992.
2, 8536999
List the prime factors of 1705383420.
2, 3, 5, 13, 2186389
List the prime factors of 100116926.
2, 7, 13, 151, 3643
List the prime factors of 2531213395.
5, 31, 16330409
What are the prime factors of 894128317?
131, 6825407
List the prime factors of 1934177285.
5, 386835457
What are the prime factors of 1649868392?
2, 206233549
What are the prime factors of 678505288?
2, 181, 468581
What are the prime factors of 164890948?
2, 41222737
List the prime factors of 71757514.
2, 643, 55799
List the prime factors of 249709147.
41, 773, 7879
What are the prime factors of 4341775751?
6883, 630797
What are the prime factors of 255319039?
17, 83, 180949
List the prime factors of 21470475.
3, 5, 13, 19, 61
List the prime factors of 174508283.
29, 6017527
List the prime factors of 734783351.
734783351
List the prime factors of 667720915.
5, 127, 233, 4513
List the prime factors of 79618905.
3, 5, 17, 199, 523
List the prime factors of 26814519.
3, 2979391
What are the prime factors of 239801863?
7, 599, 57191
What are the prime factors of 39772689?
3, 11, 101, 11933
List the prime factors of 5863388342.
2, 7, 10987, 38119
What are the prime factors of 233667703?
17, 29, 473971
List the prime factors of 393925086.
2, 3, 331, 22039
List the prime factors of 1316213417.
449, 2931433
List the prime factors of 3553274240.
2, 5, 157, 35363
List the prime factors of 114063327.
3, 7, 19, 13613
What are the prime factors of 30396507?
3, 53, 191173
List the prime factors of 2682734.
2, 137, 9791
What are the prime factors of 2211425955?
3, 5, 151, 36161
List the prime factors of 268587437.
17, 409, 38629
List the prime factors of 58675488.
2, 3, 37, 16519
List the prime factors of 127662753.
3, 149, 285599
List the prime factors of 339857691.
3, 37, 3061781
List the prime factors of 83098338.
2, 3, 277, 49999
List the prime factors of 222216948.
2, 3, 43, 143551
List the prime factors of 1701929134.
2, 850964567
List the prime factors of 203127794.
2, 101563897
What are the prime factors of 979080557?
7, 13, 71, 151537
What are the prime factors of 1093364094?
2, 3, 223, 817163
What are the prime factors of 203910740?
2, 5, 11, 926867
List the prime factors of 552844626.
2, 3, 92140771
List the prime factors of 124524984.
2, 3, 53, 223, 439
What are the prime factors of 420078726?
2, 3, 271, 86117
List the prime factors of 163672859.
7, 19, 167, 73